 13055.
35
Calculate the highest common factor of 44 and 108.
4
Calculate the highest common factor of 43 and 4.
1
Calculate the greatest common factor of 12 and 1764.
12
What is the highest common factor of 682 and 1550?
62
What is the highest common factor of 1736 and 32?
8
Calculate the highest common divisor of 6752 and 128.
32
Calculate the highest common divisor of 52 and 96.
4
What is the greatest common divisor of 348 and 2262?
174
Calculate the highest common divisor of 5814 and 152.
38
Calculate the highest common divisor of 221 and 91.
13
What is the highest common factor of 1819 and 963?
107
What is the highest common factor of 100 and 380?
20
What is the highest common factor of 73431 and 369?
369
Calculate the highest common divisor of 32 and 1616.
16
Calculate the greatest common factor of 494 and 114.
38
What is the greatest common factor of 129 and 989?
43
Calculate the greatest common factor of 28 and 172.
4
Calculate the greatest common factor of 35 and 56.
7
What is the greatest common factor of 363 and 3?
3
Calculate the highest common factor of 39 and 1313.
13
Calculate the highest common divisor of 15 and 9.
3
Calculate the greatest common divisor of 145 and 5945.
145
Calculate the greatest common divisor of 24 and 704.
8
Calculate the highest common factor of 178 and 4361.
89
Calculate the greatest common factor of 21435 and 15.
15
What is the greatest common divisor of 7300 and 50?
50
Calculate the highest common divisor of 189 and 126.
63
What is the highest common divisor of 96 and 792?
24
What is the greatest common factor of 120 and 456?
24
Calculate the highest common divisor of 376 and 16.
8
Calculate the highest common factor of 14 and 2317.
7
Calculate the greatest common factor of 9036 and 108.
36
Calculate the greatest common factor of 8 and 5464.
8
Calculate the highest common factor of 118 and 24367.
59
Calculate the highest common factor of 513 and 1809.
27
What is the greatest common divisor of 10 and 290?
10
What is the greatest common divisor of 66 and 1854?
6
Calculate the greatest common divisor of 4 and 148.
4
What is the greatest common factor of 88 and 40?
8
Calculate the highest common factor of 68932 and 76.
76
Calculate the highest common factor of 26 and 2314.
26
Calculate the greatest common factor of 462 and 3318.
42
What is the highest common factor of 686 and 1666?
98
Calculate the highest common divisor of 136 and 2.
2
Calculate the highest common divisor of 921 and 5.
1
What is the greatest common factor of 136 and 255?
17
What is the highest common factor of 181 and 109867?
181
What is the greatest common factor of 65 and 21320?
65
Calculate the highest common divisor of 1359 and 81.
9
Calculate the highest common divisor of 4 and 604.
4
What is the highest common factor of 8 and 28?
4
Calculate the greatest common divisor of 1900 and 114.
38
What is the greatest common factor of 6467 and 145?
29
What is the greatest common factor of 40 and 404?
4
Calculate the greatest common divisor of 18865 and 55.
55
What is the greatest common divisor of 12958 and 19?
19
What is the highest common divisor of 94 and 799?
47
What is the greatest common factor of 5177 and 1169?
167
Calculate the highest common factor of 32152 and 8.
8
Calculate the highest common divisor of 12 and 321.
3
Calculate the highest common factor of 3 and 16.
1
What is the highest common divisor of 1118 and 2?
2
What is the highest common factor of 12 and 372?
12
What is the greatest common factor of 39 and 2925?
39
Calculate the greatest common divisor of 52864 and 112.
112
Calculate the greatest common factor of 12 and 12.
12
Calculate the highest common divisor of 395 and 65.
5
Calculate the greatest common factor of 216 and 2511.
27
Calculate the greatest common divisor of 654 and 6.
6
What is the highest common factor of 50 and 4?
2
Calculate the greatest common factor of 152 and 8.
8
Calculate the highest common divisor of 91 and 5057.
13
What is the highest common divisor of 11264 and 11?
11
Calculate the greatest common divisor of 7 and 23.
1
What is the greatest common divisor of 36 and 387?
9
Calculate the highest common factor of 2100 and 75.
75
What is the highest common factor of 286 and 26?
26
What is the greatest common divisor of 88 and 11?
11
Calculate the highest common divisor of 26 and 3445.
13
What is the greatest common factor of 28 and 196?
28
What is the highest common factor of 18480 and 168?
168
What is the highest common divisor of 60 and 6420?
60
Calculate the greatest common divisor of 154 and 1834.
14
What is the highest common divisor of 91 and 234?
13
What is the highest common factor of 10404 and 136?
68
What is the greatest common divisor of 98 and 6?
2
Calculate the highest common factor of 805 and 35.
35
Calculate the highest common divisor of 335 and 603.
67
What is the highest common divisor of 4469 and 981?
109
Calculate the greatest common factor of 145 and 174.
29
What is the greatest common divisor of 8 and 344?
8
Calculate the greatest common factor of 8 and 1594.
2
What is the greatest common divisor of 625 and 100?
25
What is the highest common factor of 64 and 454?
2
What is the highest common factor of 198 and 23958?
198
Calculate the greatest common factor of 7905 and 102.
51
What is the greatest common divisor of 301 and 7?
7
Calculate the greatest common factor of 418 and 950.
38
Calculate the greatest common divisor of 2881 and 737.
67
What is the highest common divisor of 87 and 30?
3
What is the greatest common divisor of 66 and 234?
6
Calculate the greatest common divisor of 23 and 46.
23
Calculate the highest common factor of 1944 and 60.
12
Calculate the greatest common divisor of 122 and 11834.
122
What is the greatest common divisor of 33 and 660?
33
Calculate the highest common divisor of 14432 and 2296.
328
What is the highest common divisor of 629 and 527?
17
What is the highest common divisor of 198 and 1914?
66
Calculate the greatest common divisor of 33451 and 11.
11
What is the highest common factor of 464 and 1276?
116
What is the highest common divisor of 549 and 122?
61
Calculate the greatest common factor of 70526 and 788.
394
What is the greatest common divisor of 36 and 63?
9
What is the greatest common divisor of 530 and 20?
10
What is the greatest common factor of 290 and 10?
10
What is the greatest common factor of 374 and 68?
34
Calculate the highest common factor of 242 and 176.
22
What is the greatest common factor of 1340 and 100?
20
Calculate the greatest common divisor of 1220 and 20.
20
Calculate the greatest common factor of 1495 and 46.
23
What is the highest common divisor of 26 and 806?
26
What is the highest common divisor of 105 and 385?
35
What is the greatest common divisor of 228 and 1159?
19
What is the greatest common factor of 108 and 456?
12
What is the greatest common divisor of 3014 and 66?
22
What is the highest common divisor of 741 and 936?
39
Calculate the greatest common divisor of 279 and 2883.
93
Calculate the highest common factor of 385 and 44.
11
What is the highest common divisor of 2 and 181?
1
Calculate the greatest common factor of 1711 and 118.
59
Calculate the greatest common factor of 40 and 200.
40
Calculate the highest common factor of 144 and 3618.
18
What is the highest common divisor of 40 and 280?
40
Calculate the highest common divisor of 29 and 5.
1
Calculate the greatest common divisor of 190 and 152.
38
Calculate the highest common divisor of 40 and 1960.
40
What is the greatest common divisor of 496 and 217?
31
Calculate the greatest common divisor of 4807 and 1012.
253
Calculate the highest common factor of 2070 and 540.
90
Calculate the highest common divisor of 350 and 375.
25
Calculate the greatest common factor of 2388 and 12.
12
Calculate the highest common divisor of 3 and 828.
3
Calculate the highest common factor of 17 and 153.
17
Calculate the greatest common factor of 7890 and 60.
30
Calculate the greatest common factor of 276 and 12558.
138
What is the greatest common factor of 2316 and 12?
12
What is the greatest common divisor of 460 and 40?
20
Calculate the greatest common factor of 6112 and 48.
16
What is the highest common factor of 1526 and 14?
14
What is the greatest common factor